{"id":207,"date":"2023-12-02T19:58:42","date_gmt":"2023-12-02T19:58:42","guid":{"rendered":"https:\/\/meine-erdkraftkarte.de\/?page_id=207"},"modified":"2023-12-03T22:41:30","modified_gmt":"2023-12-03T22:41:30","slug":"widerrufsformular","status":"publish","type":"page","link":"https:\/\/meine-erdkraftkarte.de\/index.php\/widerrufsformular\/","title":{"rendered":"Widerrufsformular"},"content":{"rendered":"<p>[et_pb_section fb_built=&#8220;1&#8243; _builder_version=&#8220;4.23.1&#8243; _module_preset=&#8220;default&#8220; global_colors_info=&#8220;{}&#8220;][et_pb_row _builder_version=&#8220;4.23.1&#8243; _module_preset=&#8220;default&#8220; global_colors_info=&#8220;{}&#8220;][et_pb_column type=&#8220;4_4&#8243; _builder_version=&#8220;4.23.1&#8243; _module_preset=&#8220;default&#8220; global_colors_info=&#8220;{}&#8220;][et_pb_text _builder_version=&#8220;4.23.1&#8243; _module_preset=&#8220;default&#8220; custom_padding=&#8220;29px||0px|20px|false|false&#8220; global_colors_info=&#8220;{}&#8220;]<\/p>\n<div class=\"et_pb_module et_pb_text et_pb_text_0  et_pb_text_align_left et_pb_bg_layout_light\">\n<div class=\"et_pb_text_inner\">\n<h1>Widerrufsformular<\/h1>\n<\/div>\n<\/div>\n<div class=\"et_pb_module et_pb_text et_pb_text_1  et_pb_text_align_justified et_pb_bg_layout_light\">\n<div class=\"et_pb_text_inner\">\n<p><strong>(Wenn Sie den Vertrag widerrufen wollen, dann f\u00fcllen Sie bitte dieses Formular aus und senden Sie es zur\u00fcck.)<\/strong><\/p>\n<p>An<\/p>\n<p>Rainer Bloch Verlag<br \/>Schwetzinger Strasse Nr.4<br \/>69469 Weinheim<\/p>\n<p>Telefon ++49 (0)6201-7800484<br \/>info(\u00e4t)meine-erkraftkarte.de<\/p>\n<p><strong>Adresse f\u00fcr Warenr\u00fccksendungen:<\/strong><br \/>Rainer Bloch Verlag<br \/>Schwetzinger Strasse Nr.4<br \/>69469 Weinheim<\/p>\n<p>Hiermit widerrufe(n) ich\/wir (*) den von mir\/uns (*) abgeschlossenen Vertrag \u00fcber den Kauf der folgenden Waren (*) \/ die Erbringung der folgenden Dienstleistung (*)<\/p>\n<p>_______________________________________________<\/p>\n<p>_______________________________________________<\/p>\n<p>Bestellt am ___________________ (*)\/erhalten am _______________________(*)<\/p>\n<p>Name des\/der Verbraucher(s) ______________________________________<\/p>\n<p>Anschrift des\/der Verbraucher(s)<\/p>\n<p>___________________________________________________________________<\/p>\n<p>___________________________________________________________________<\/p>\n<p>___________________________________________________________________<\/p>\n<p>Datum:________________<\/p>\n<p>Unterschrift des\/der Verbraucher(s):___________________________________________<\/p>\n<p>(nur bei Mitteilung auf Papier)<\/p>\n<p>(*) Unzutreffendes streichen<\/p>\n<\/div>\n<\/div>\n<p>[\/et_pb_text][\/et_pb_column][\/et_pb_row][\/et_pb_section]<\/p>\n","protected":false},"excerpt":{"rendered":"<p>Widerrufsformular (Wenn Sie den Vertrag widerrufen wollen, dann f\u00fcllen Sie bitte dieses Formular aus und senden Sie es zur\u00fcck.) An Rainer Bloch VerlagSchwetzinger Strasse Nr.469469 Weinheim Telefon ++49 (0)6201-7800484info(\u00e4t)meine-erkraftkarte.de Adresse f\u00fcr Warenr\u00fccksendungen:Rainer Bloch VerlagSchwetzinger Strasse Nr.469469 Weinheim Hiermit widerrufe(n) ich\/wir (*) den von mir\/uns (*) abgeschlossenen Vertrag \u00fcber den Kauf der folgenden Waren (*) \/ [&hellip;]<\/p>\n","protected":false},"author":1,"featured_media":0,"parent":0,"menu_order":0,"comment_status":"closed","ping_status":"closed","template":"","meta":{"_et_pb_use_builder":"on","_et_pb_old_content":"","_et_gb_content_width":"","footnotes":""},"class_list":["post-207","page","type-page","status-publish","hentry"],"_links":{"self":[{"href":"https:\/\/meine-erdkraftkarte.de\/index.php\/wp-json\/wp\/v2\/pages\/207","targetHints":{"allow":["GET"]}}],"collection":[{"href":"https:\/\/meine-erdkraftkarte.de\/index.php\/wp-json\/wp\/v2\/pages"}],"about":[{"href":"https:\/\/meine-erdkraftkarte.de\/index.php\/wp-json\/wp\/v2\/types\/page"}],"author":[{"embeddable":true,"href":"https:\/\/meine-erdkraftkarte.de\/index.php\/wp-json\/wp\/v2\/users\/1"}],"replies":[{"embeddable":true,"href":"https:\/\/meine-erdkraftkarte.de\/index.php\/wp-json\/wp\/v2\/comments?post=207"}],"version-history":[{"count":6,"href":"https:\/\/meine-erdkraftkarte.de\/index.php\/wp-json\/wp\/v2\/pages\/207\/revisions"}],"predecessor-version":[{"id":247,"href":"https:\/\/meine-erdkraftkarte.de\/index.php\/wp-json\/wp\/v2\/pages\/207\/revisions\/247"}],"wp:attachment":[{"href":"https:\/\/meine-erdkraftkarte.de\/index.php\/wp-json\/wp\/v2\/media?parent=207"}],"curies":[{"name":"wp","href":"https:\/\/api.w.org\/{rel}","templated":true}]}}